 Calculate w(z).
2
Let j(d) = -d**2 + d**3 + d - 3 - d**2 - 6*d. Let r = 0 - -4. Give j(r).
9
Suppose -4*w = -6 - 6. Let y(n) = 6 + 4*n - 3*n + 0 - w*n. Determine y(6).
-6
Let o(v) = v - 10. Let s be o(6). Let x(i) be the first derivative of -2*i**2 - 4*i + 4. What is x(s)?
12
Let m = -8/3 - -3. Let y(r) be the second derivative of -1/2*r**2 - r - m*r**4 + 1/6*r**3 + 0. Calculate y(1).
-4
Suppose 4 + 14 = -x - 3*y, 0 = 2*x + y + 11. Let o = -13 - -16. Let h(s) = -3 - o*s - 1 - 2*s**2 + 6. Determine h(x).
-7
Let k be (-22)/(-4) - 3/6. Let f(h) = -3*h - k - h**3 - 3*h**2 + 8 + 2*h**3. Let m = -3 + 6. Calculate f(m).
-6
Let f(j) = -j**2 - j - 1. Let r be 0 + 0 - (-2 + 1). Suppose q + r = 2*q. Let y(t) = 4*t**2 + 10*t + 8. Let p(n) = q*y(n) + 5*f(n). What is p(4)?
7
Let w(k) = -k**2 - 7*k - 2. Suppose -10*q = q + 66. Calculate w(q).
4
Let i(p) = 3*p**2 + 0*p + 2 - p - 2*p. Determine i(2).
8
Let b(h) = 2*h + 2 - 3*h + 3*h + 2*h + h**2. What is b(-4)?
2
Let a = -2 - 4. Let g be a/((3/(-3))/1). Let y(w) = 0*w**2 - 5*w**2 - g + 6. Give y(1).
-5
Suppose -n + 2*x + 32 = 6*x, -2*n - 2*x + 34 = 0. Suppose n = 5*t - 2*t. Let l(y) = 0*y**2 - 2*y - 4 - 3*y**2 - t*y + 2*y**2. Give l(-5).
1
Suppose -5 = -2*o + i, -3*i - 10 = 3*o + 5. Let r(u) = u**3 + u**2 - u + 8. Calculate r(o).
8
Let x(v) = -2*v - 4. Let b be 6/(-21) + (-23)/(-7). Suppose 0*f + b*f = 2*o - 26, 2*f - 3*o = -14. Let u = f + 7. What is x(u)?
2
Let l(u) = -3*u - 8 - 8 + 22. Suppose 3*k - 27 = 3*a, 3*k - 50 = -k - 3*a. Suppose -4*q + k = -5. What is l(q)?
-6
Let d(y) = y**2. Let f(x) = 7*x**2 + 3*x. Let w(i) = -6*d(i) + f(i). Give w(-4).
4
Let b(w) = w**3 + 11*w**2 + 10*w. Let z be b(-10). Let q(v) = 0 + z - 2*v - 1. Calculate q(1).
-3
Let r(c) = -4*c + 4*c - 3*c + 7 - c**2 + 0*c**2. Let w be r(-5). Let b(s) = s**3 + 2*s**2 - s - 9 + 9. Determine b(w).
-6
Let k(b) = -b**2 + 7*b - 1. Let c be k(6). Let a(w) = w**3 - 6*w**2 + 4*w + 2. Determine a(c).
-3
Let h(q) = 17*q**3 + q. Suppose 8*u = 13*u - 5. What is h(u)?
18
Let z(w) = -2*w - 1 + 6 - 4. Let h = -1 + 4. Suppose -h*q = 2 + 1. Determine z(q).
3
Let a(l) = -l + 5. Let f be 2/((-7)/((-105)/6)). What is a(f)?
0
Suppose -31 = -5*k + 4*z, -k + 2*k = 5*z + 23. Let h(o) = -o + 3. What is h(k)?
0
Let h = -10 - -13. Let q(r) = 0 - 3*r**2 + 6*r**2 - r**3 - 5*r + 2. What is q(h)?
-13
Let o(a) = a + 2. Let t be 15/6*(-12)/(-10). Let c(r) = 1. Let n(k) = t*c(k) - o(k). Let l be n(-4). Let z(u) = -u + 1. Give z(l).
-4
Let x(y) = 3*y**2 + 2*y - 2. Let g = -6 - -10. Suppose 0 = -3*w + w + g. Let f be -1 - (2 - (3 - w)). Determine x(f).
6
Let s be (-2)/(-5) - (-52)/20. Suppose -l - 3*h + 10 = 0, 4*l + 2 = h + s. Let w(z) be the third derivative of -z**4/8 - z**3/6 - z**2. Give w(l).
-4
Let z(j) = j + 2. Let n(p) = p - 4. Let w be n(0). Determine z(w).
-2
Let p(i) = i + 7. Let z be p(-7). Let y be ((-4)/(-6))/((-6)/(-18)). Let x(g) = -50*g**y + g**3 + 50*g**2 - 1. Determine x(z).
-1
Let m(a) = -23*a - 29. Let i(q) = -8*q - 10. Let l(h) = 17*i(h) - 6*m(h). Let d(p) = p - 12. Suppose 0*y + 2*y = 14. Let c be d(y). Give l(c).
-6
Let f(h) = h**2 - h - 3. Suppose 0 = -z + 11 - 3. Let d be (z/(-12))/((-2)/(-9)). Determine f(d).
9
Let x(r) = r**2 + 7*r + 2. Let b = -6 + -1. Let t be x(b). Let d be 1 - 3*t - -1. Let i(j) = -j**2 - 6*j - 3. Calculate i(d).
5
Let x(f) be the second derivative of -1/3*f**3 - f + 1/2*f**2 + 0. Calculate x(-3).
7
Let t(d) = -d - 7. Let w(i) = i**2 + 3*i + 4. Let p be w(-6). Let h = -27 + p. What is t(h)?
-2
Suppose 0 = -0*b + 5*b - 20. Let i(a) = -8 + 2 - 2 + 2 + b*a - a**2. Determine i(4).
-6
Let i(m) be the first derivative of -m**4/4 - m**3/3 + m**2/2 - 3*m + 4. Suppose w + 3*w = 0. Determine i(w).
-3
Let v = 15 - 15. Suppose -2*l - 2*l = v. Let q(c) = -c**3 - c**2 + 1. Give q(l).
1
Let x(m) = m**2 + 3*m - 7. Let p(a) = a**3 + 5*a**2 - 5. Let d be p(-5). Give x(d).
3
Let d(l) = 8*l**3 + 18*l**2 + 21*l + 20. Let o(q) = 3*q**3 + 6*q**2 + 7*q + 7. Let c(j) = -4*d(j) + 11*o(j). What is c(7)?
-3
Suppose 0*a + 4*d - 30 = 5*a, 16 = 2*a + 4*d. Let w(j) = 5*j + 3. What is w(a)?
-7
Let w be (-22)/(-8) + 2/8. Suppose w*b - 20 = -2*b. Suppose -z = z + b. Let o(t) = t**2 + 3*t + 2. Calculate o(z).
0
Suppose 4 = -5*r + 3*r, 2*r + 9 = 5*b. Let c(m) = m + 1. Let j(w) = -5*w - 7. Let g(y) = b*j(y) + 6*c(y). What is g(4)?
3
Let x(a) = -3*a + 9. Let h(c) = -c**3 - 7*c**2 - 5. Let y be h(-7). Let p(b) = 2*b - 6. Let i(f) = y*x(f) - 7*p(f). What is i(-3)?
-6
Let k be 6/10 - (-6)/15. Let d(u) be the first derivative of -u**6/360 + u**4/24 - u**3/3 + 1. Let h(x) be the third derivative of d(x). Determine h(k).
0
Let o(b) = b**3 + 5*b**2 - 7*b - 8. Suppose -7*t = -t + 36. Calculate o(t).
-2
Let r(w) = -5*w**2 - 13*w - 7. Let x(b) = -4*b**2 - 12*b - 7. Let a(n) = 5*r(n) - 6*x(n). What is a(8)?
-1
Let f = 15 + -19. Let s(j) = j - 1. Let t be s(f). Let n(y) = -y + 4. What is n(t)?
9
Let q(s) = -s**3 - s**2 + s. Let c = -50 + 5. Let f be 4/6*c/(-6). Suppose f*x + 1 = -9. Calculate q(x).
2
Let s(k) = k**2 - 6*k. Suppose -f - 5*o + 24 = -2*o, 3*f = -3*o + 84. Suppose -11*p + 6*p = -f. Give s(p).
0
Let x(l) be the third derivative of l**5/60 - 5*l**4/24 - l**3/2 + 3*l**2. Let o(u) = u**2 - 6*u - 3. Let y(g) = -6*o(g) + 7*x(g). What is y(0)?
-3
Let w(a) = 3*a**3 + 12*a**2 - 12*a + 6. Let g(s) = 4*s**3 + 13*s**2 - 13*s + 5. Let v(d) = -4*g(d) + 5*w(d). What is v(7)?
3
Suppose -5*z = 5*h - 20, h + 4*h - 3*z = 28. Let q be 2/4 + (-1)/2. Let a(k) = 0*k**2 + q*k**3 + 3 + k**3 + 4*k - 6*k**2. Calculate a(h).
-2
Let k(i) = 2*i - i**2 - 5*i - 2*i. Give k(-6).
-6
Let q(g) = -g + 7. Let f be q(5). Let m(s) = s - 7 + 5*s**2 + 8 - f*s**2 + 2*s**3. Determine m(-2).
-5
Let t(q) = q**3 - 2*q**2 - 3*q - 1. Suppose -3*y = -0*y - 15. Suppose 0 = -4*u + y*j - 13, 2*u - 5*j + 13 + 6 = 0. Give t(u).
-1
Let d(n) be the first derivative of -n**4/4 + 2*n**3 - n**2 + 4*n + 63. What is d(6)?
-8
Let v(l) = 2*l - 1. Suppose -11*c + 15 - 59 = 0. Give v(c).
-9
Let f(l) = -3*l**2 + 16*l + 9. Let o(n) = n**2 - 8*n - 4. Let a(z) = 2*f(z) + 5*o(z). Determine a(-7).
5
Let c = 11 - 10. Let z(f) = -3 + 4 + 7*f - 3*f. Give z(c).
5
Let p(n) = 9*n**3 + 17*n**2 - 23*n - 21. Let s(m) = -5*m**3 - 9*m**2 + 12*m + 11. Let t(k) = -4*p(k) - 7*s(k). Calculate t(-6).
-5
Let y(t) = -t**2 - 2*t + 2. Let d(g) = -g**3 - 7*g**2 - 2*g - 9. Let v be d(-7). Let l = 0 - v. Let p be 2 - (3 + 2 + l). What is y(p)?
-6
Let a(s) = s**2 - 7*s - 11. Let i(u) = 2*u**2 - 14*u - 21. Let d(y) = -11*a(y) + 6*i(y). Calculate d(8).
3
Let f(u) = 4*u + u**2 - u + 0*u**2. Let d be -3 - -3*(-3)/(-6 + -3). Give f(d).
-2
Let c(y) = 0*y + 0*y - 2*y + 3. Let m = -6 + 10. Give c(m).
-5
Suppose s = -5*y + 5, 0*s - 3 = -s - 4*y. Let c be (-2)/(-9) - (-4)/(-18). Let o = s + c. Let b(q) = 2*q. Calculate b(o).
-10
Suppose 5*b + 5*u - 35 = 0, 4*b = -5*u + 42 - 10. Suppose -9 = -3*j + b. Let a(n) = -2*n. Let f(k) = k + 1. Let h(r) = 5*a(r) + 6*f(r). Calculate h(j).
-10
Let s(h) be the third derivative of h**6/120 - h**5/12 + h**3 - 2*h**2. Let a = 7 + -5. Suppose -3 = -a*w + 7. Determine s(w).
6
Let i be (15/(-2))/(3/(-4)). Suppose -i = -2*a + 4*a. Let b(m) = -m**3 - 5*m**2 + m. Determine b(a).
-5
Let r be ((-12)/(-16))/(1/4). Let c(j) = 11*j**2 + 4*j - 10. Let g(y) = 4*y**2 + y - 3. Let x(f) = r*c(f) - 8*g(f). Give x(-5).
-1
Let i(k) = 2*k + 5. Suppose w - 11 = -5*d - 3*w, 0 = -d + 2*w + 5. Let s be (-4)/30*d*10. Give i(s).
-3
Let x(l) = -4*l**2 + l - 5. Let g(r) = -r**2 + r - 1. Let a(w) = -3*g(w) + x(w). What is a(-3)?
-5
Let w(d) = 6*d**2 + d. Let i be (2 - 2)*(-1)/1. Let p be (10/(-4) - -2)*i. Let a be p/8 - (0 + 1). Give w(a).
5
Let q(k) = k**3 + 7*k**2 + k - 5. Let p = 42 + -49. Determine q(p).
-12
Let s(h) = 19*h + 22*h - 8 - 40*h. What is s(10)?
2
Let y be 0 - (1 + 0/2). Let z(d) = 5*d**3 + d**2 + 6*d + 5. Let b(c) = -c**3 + c + 1. Let t(f) = 4*b(f) - z(f). Calculate t(y).
9
Let h(r) = r + 1. Suppose -k + v + 2 = -3*v, -3*v = -4*k - 5. Let g be 2 + k - 1 - -3. What is h(g)?
3
Suppose 0*x = -5*x - 5. Let p(l) be the third derivative of l**6/720 - l**4/24 + l**2. Let a(m) be the second derivative of p(m). Give a(x).
-1
Let i(t) be the first derivative of t**3/3 - 5*t**2/2 + 3*t + 44. What is i(4)?
-1
Let c(w) = -w**3 - 1. Let p(n) = 4*n**3 -